).
-7
Suppose -3*i - 16 + 40 = 0. Let g = i + -9. Let b(y) = -y**3 - y**2 - 2*y - 1. Determine b(g).
1
Let l(o) = o**2 - 3*o + 3. Let g(k) = k - 1. Suppose p + 25 = 5*i, -2*p = 5 + 5. Let f be g(i). Calculate l(f).
3
Let f(j) = 13*j**3 + j**2. Let z(h) = -h + 10. Let t be z(11). Determine f(t).
-12
Let w = 16 - 8. Let l = 13 - w. Let x(z) = 19*z - 7*z + 6 - 13*z. What is x(l)?
1
Let z = -5 + 8. Let q(p) = -p**2 + 4*p - z + 0*p + 0*p + 6. Suppose 5 = y - 0*y. Determine q(y).
-2
Let j(k) be the second derivative of 1/24*k**4 - k - 1/30*k**5 + 0 + 0*k**3 + 3/2*k**2. Let r(h) be the first derivative of j(h). Calculate r(1).
-1
Let x(v) = v - 1. Let z be x(1). Suppose c - 2*c + 2 = z. Let i(n) = -4*n**2 + n + 3. Let d(l) = -17*l**2 + 4*l + 13. Let a(m) = 6*d(m) - 26*i(m). Give a(c).
4
Let a(w) = -2 + 2 - w. Let z(x) = x**2 - 5*x. Let b(f) = -6*f**2 + 24*f. Let s(p) = 2*b(p) + 11*z(p). Let m be s(-7). Calculate a(m).
0
Let g be (9/(-12))/(2/(-8)). Let p(n) = -4*n + 1. Let l(v) = 7*v - 1. Let z(a) = 2*a**3 + a. Let x be z(-1). Let h(i) = x*l(i) - 5*p(i). Give h(g).
-5
Let c = 0 + 0. Let i(z) be the third derivative of -z**6/120 + z**3/6 - 173*z**2. What is i(c)?
1
Let l be ((-8)/(-10))/((-2)/(-20)). Let d be -5 + 8 - l/2. Let g(o) = 5*o**2. Let x be g(d). Let r(a) = -a + 9. What is r(x)?
4
Let w = 17 - 13. Let o(j) = j**2 - j + w*j - 9*j. Give o(6).
0
Let t be 0/1 + -1 - -3. Suppose 0 = t*f + 2*f - 20. Let p(l) be the second derivative of l**3/6 + l**2/2 + l. Determine p(f).
6
Let g(b) = b**2 + b. Let w be g(0). Let u = w + 0. Suppose u = 3*j - 15, 0*j = 3*h + j + 7. Let n(k) = k**2 + 4*k - 1. Give n(h).
-1
Suppose -4*u + 8 = -4. Let m(a) = -u*a**2 - a + 0*a**2 + 4*a**2 - 1. Let d = -96 + 93. What is m(d)?
11
Let l(z) = -z + 3. Let s(x) = 1. Let v(c) = -l(c) + 6*s(c). What is v(-6)?
-3
Suppose 0 = -3*u - l + 11, 5*u - u - 5*l = -17. Let v(i) be the second derivative of i**3/3 - 3*i**2/2 + i. Give v(u).
1
Let x = -3 + 4. Let j = -5 + x. Let i(v) = -5 + 2 - 3 - 2*v. Calculate i(j).
2
Let d(n) = -4*n**3 + 3*n - 3. Let b(q) = -119*q**3 + 91*q - 91. Let p(z) = 6*b(z) - 182*d(z). What is p(1)?
14
Let b(a) = -a + 3. Let u(z) be the first derivative of -3*z**2/2 + 7*z - 1. Let r(k) = -7*b(k) + 3*u(k). Let x(f) = f + 3. Let l be x(-5). Give r(l).
4
Let h(y) = y**2 - 2*y + 2. Let k(u) = 2*u**2 + u. Let s(d) = h(d) - k(d). Calculate s(-4).
-2
Let z(x) be the third derivative of x**4/2 - x**3/6 - 10*x**2. Let k(j) = -j**3 + j**2 + j. Let b be k(-1). Calculate z(b).
11
Let b(x) be the third derivative of -x**5/60 + 7*x**4/24 - x**3 + 17*x**2 - 2. What is b(4)?
6
Let b(c) be the third derivative of c**6/120 + c**5/5 + 11*c**4/24 - c**3/2 - 6*c**2. Determine b(-11).
-3
Let p(z) = -z + 1. Suppose 2*v = 9 - 17. What is p(v)?
5
Let c(z) be the first derivative of z**4/4 + z**3/3 - 2*z**2 - z + 52. What is c(-3)?
-7
Let w(c) = 31*c**2 + 5*c - 11. Let z(f) = 6*f**2 + f - 2. Let q(m) = -2*w(m) + 11*z(m). Let j be q(-1). Let g(i) = 2*i - 1. Calculate g(j).
5
Let i(y) = -6*y**2 - y + 1. Suppose 4 = 3*q + 1. Give i(q).
-6
Let t = 2 + 0. Let h(g) = 3*g**2 - 7*g**3 + 2*g**2 - 5*g**t. What is h(1)?
-7
Let x(z) = -9*z + 1. Let k(y) = 9*y - 2. Let u = 3 + -1. Let q(r) = u*k(r) + 3*x(r). Determine q(1).
-10
Let a(t) = t**3 + t + 7. Let o(n) = -3*n**2 + 3. Let m be o(3). Let k = m - -24. Determine a(k).
7
Let d(r) be the second derivative of -r**5/30 + r**4/8 + 2*r**3/3 + 3*r**2/2 + 8*r. Let h(v) be the first derivative of d(v). Determine h(3).
-5
Let m(k) = 5 - 5 - 4 + 3 + k**2 + 3*k. Suppose -6*a - 20 = -a. Calculate m(a).
3
Let u(a) = -3553*a + 3554*a + 2 + 2 - a**2. Let l = 5 - 8. Determine u(l).
-8
Let c(o) be the second derivative of -o**4/3 + o**3/6 + o**2/2 - o. Let r(j) = -j**3 + 8*j**2 - 8*j + 6. Let g be r(7). Give c(g).
-4
Let w = -19 - -25. Let f(d) = d + 1. Calculate f(w).
7
Suppose 4*u + 13 = 5. Let v(f) = 4*f**2 + f - 1. Calculate v(u).
13
Suppose -2*n - 5*z = 2*n - 41, -5*z = 3*n - 37. Suppose -n*h + 6*h = 4. Let q(a) = 0*a + a**2 + 0*a + a. Give q(h).
6
Let t(d) = 4*d. Let n be t(1). Let u(r) = -r**2 + 2*r + 2. Calculate u(n).
-6
Let s(v) = v**3 - 4*v**2 + 2*v + 2. Let p be ((-4)/(-10))/(9/45). Suppose 6 + 66 = -p*a. Let i be a/(-14) - (-18)/42. Calculate s(i).
-1
Let q(x) = 2*x**2 - x + 1. Let m(j) = -2*j - 4. Let c be m(-3). Suppose -6*b + c*b = 16. Let k = -3 - b. Give q(k).
2
Let p(o) = 2*o**2 + 6*o + 2. Let i be (-15)/(-2) + 1/(-2). Let w(c) = c - 5*c**2 + 8 - 4*c + 4*c**2 - 9. Let k(a) = i*w(a) + 3*p(a). Calculate k(-4).
-5
Suppose 3*b - 5*d = 8*b - 5, 0 = -2*b + 5*d - 33. Let j(r) = -3*r - 5. What is j(b)?
7
Let q(i) = 3*i - 8*i + 6*i. Give q(4).
4
Let m(d) = d**3 + d + 1. Let h(k) = 4*k**3 - 2*k**2 + 4*k + 1. Let v(i) = h(i) - 3*m(i). Let u be (1 + 1)/(2/2). Let n = u - 0. What is v(n)?
0
Let l(a) = a - 2. Let c be l(5). Let r(n) = 2*n + 2 - 2*n**2 + c*n**2 - 1 + n**3 - 5*n**2. Determine r(2).
-3
Suppose -2*d + 7*d = 75. Suppose 8*j = 3*j + d. Let h(r) = -r**3 + 4*r**2 - 5*r + 4. What is h(j)?
-2
Let y(h) = -3*h**3 + 7*h**2 + 12*h - 14. Let c(g) = -g**3 + 2*g**2 + 4*g - 4. Let a(f) = 7*c(f) - 2*y(f). What is a(3)?
-15
Let v be 3*3/((-9)/(-2)). Let g = 2 + v. Let t(q) = -q + 3. Calculate t(g).
-1
Let o be (-2)/(-9) - 20/9. Let m(s) = -26*s + 14. Let l(q) = 9 - 7*q - 4 - 2*q. Let z(i) = -17*l(i) + 6*m(i). Calculate z(o).
5
Suppose 5*m = 4*y - 20, -2*m + 5*y + 2 - 27 = 0. Let l = 5 - 2. Suppose m = -l*v - v. Let w(g) = g**2 + g - 9. Calculate w(v).
-9
Suppose -3*f = -5*f - 4. Let l(z) = -2*z - 3. Let i be l(f). Suppose -8 = -3*v + i. Let c(h) = h**3 - 3*h**2 - 3*h + 3. Calculate c(v).
-6
Let h(z) = z**3 - 3*z**2 - z + 3. Suppose 2 = i - 2. Suppose 0 = -n + i - 3. Let t be -1*-3*(2 - n). What is h(t)?
0
Suppose 3*m = 5 + 1. Let g(i) = m*i - i + 2 - 2*i. Let t be g(-2). Let c(s) = s + 2. Determine c(t).
6
Let p be ((-6)/(-4))/((-3)/(-8)). Let k(n) = -n**2 + 4*n + 2. Let v be k(p). Let a(o) = -v + 2*o + 3*o - 6*o. What is a(-2)?
0
Let x = -6 - -10. Suppose x = i - 5*i. Let u(f) = -f**2 + 2*f**2 + 0*f**2 + 5*f**3. Calculate u(i).
-4
Suppose 3*d - 11 = 2*r, 5*d - 4*r - 14 - 5 = 0. Let y(s) = 2 + 2 - 5 + 4*s**3 + 2*s**d. Suppose -7 - 7 = 5*p - 3*z, -3*p - 4*z + 9 = 0. What is y(p)?
-7
Let k(f) = 2*f + 4. Let n(x) = -4*x - 8. Let a(o) = -11*k(o) - 6*n(o). Suppose -5*h - 1 = 2*s + 5, 4*s - 2 = -3*h. Suppose s*u - u + 5 = 0. Determine a(u).
-6
Let o(c) be the second derivative of -c**4/12 - c**3/2 + 2*c**2 - c. Suppose -g = -3*g + 40. Suppose -5 = -3*i - g. Give o(i).
-6
Let v(m) be the second derivative of m**7/840 - m**6/90 + m**5/120 - m**4/6 + m**3/3 - 4*m. Let j(t) be the second derivative of v(t). Determine j(4).
0
Let y(l) be the third derivative of -l**8/6720 - l**7/504 - l**6/240 + l**5/120 - l**4/3 - 2*l**2. Let x(v) be the second derivative of y(v). Determine x(-3).
-8
Let m = 3 - -2. Suppose 2*w + m + 5 = 0. Let o(a) = a - 4. Give o(w).
-9
Let m(f) = f**2 + f + 3. Let x(d) = -4*d - 1. Let z(t) = -t. Let c(j) = 2*x(j) - 7*z(j). Let l be c(-5). Let a be l + -1 - 0 - 2. Calculate m(a).
3
Let t(z) = z**3 + 3. Suppose -5*j - 6*j = j. What is t(j)?
3
Let t(w) = 2 - 5*w**3 + 6*w**2 - 1 + 8*w - 6 + 4*w**3. Let h(n) = -n**2 - 10*n - 2. Let m be h(-9). Calculate t(m).
2
Let o(a) = -7 - a + 13 + 0*a - 10. Calculate o(-4).
0
Let x(v) = -3*v + 1. Let q be x(-2). Suppose 4*g + 4 = -4*f, -2*f + 2*g + 17 = f. Let k(y) = -f - q*y + 0 - y**2 - 1. Determine k(-5).
6
Let c(s) = s - 4. Let j be (1 - (-24)/(-15))/((-3)/15). What is c(j)?
-1
Let n(q) = -q**2 - 1 + 2*q**2 - 2*q**2 + 4*q. Let r(h) be the first derivative of h**3/3 - 5*h**2/2 - 10*h - 1. Let t be r(7). Calculate n(t).
-1
Let k(o) = -o**2 + 9*o - 2. Let x = -2 + 8. Determine k(x).
16
Let q(s) = s + 4 + 3*s - 3*s + 5. Suppose 5*h + 45 = -5*c, -3*h + 3*c - 4 = 5. Determine q(h).
3
Let j(q) = q**3 - 8*q**2 + 5*q. Let u(k) = k**2 - k. Let b(s) = j(s) + 6*u(s). Give b(2).
-2
Let v(o) = -16*o**2 + 15*o**2 - o - 3*o. Determine v(-5).
-5
Let w(c) = c**2 - c - 4*c**3 + 6*c**3 + 23 + 7*c**3 - 24. Let y be 10/45 + (-11)/9. Determine w(y).
-8
Let v(k) = -2*k - 1. Suppose 4*z = x + 12, 4*x + 0*z = 4*z. Suppose -7*h = -x*h - 15. Calculate v(h).
-11
Let i(z) = -3 + z**3 - z**2 + 4*z**2 - 4*z**2. Let u = 6 - 1. Suppose 2*f = 